igit of 1074408571?
0
What is the millions digit of 634372877?
4
What is the millions digit of 6634604?
6
What is the hundred millions digit of 674070232?
6
What is the millions digit of 135255514?
5
What is the units digit of 49359923?
3
What is the ten thousands digit of 208131250?
3
What is the thousands digit of 175294466?
4
What is the tens digit of 1531595112?
1
What is the ten millions digit of 96561281?
9
What is the ten millions digit of 20893998?
2
What is the hundred millions digit of 591884210?
5
What is the hundreds digit of 664443070?
0
What is the millions digit of 1564376321?
4
What is the hundred thousands digit of 136194163?
1
What is the hundreds digit of 5488026640?
6
What is the ten thousands digit of 33963278?
6
What is the hundred thousands digit of 4508593729?
5
What is the millions digit of 1824837295?
4
What is the hundreds digit of 331406225?
2
What is the millions digit of 695102252?
5
What is the thousands digit of 216045034?
5
What is the hundred millions digit of 159207518?
1
What is the hundreds digit of 3999512?
5
What is the thousands digit of 205854560?
4
What is the millions digit of 76312207?
6
What is the millions digit of 67075650?
7
What is the thousands digit of 81556100?
6
What is the billions digit of 1690056506?
1
What is the ten millions digit of 59015069?
5
What is the ten thousands digit of 216738911?
3
What is the units digit of 39733456?
6
What is the units digit of 6829844027?
7
What is the millions digit of 459550278?
9
What is the hundreds digit of 43019907?
9
What is the thousands digit of 938441?
8
What is the thousands digit of 670075223?
5
What is the ten thousands digit of 15559280?
5
What is the ten thousands digit of 1075421756?
2
What is the thousands digit of 50972013?
2
What is the millions digit of 76728288?
6
What is the hundred thousands digit of 3119184572?
1
What is the ten millions digit of 2516970249?
1
What is the millions digit of 1754405442?
4
What is the ten thousands digit of 980566289?
6
What is the ten thousands digit of 6176711?
7
What is the hundreds digit of 490847908?
9
What is the thousands digit of 156703687?
3
What is the hundred thousands digit of 1415625641?
6
What is the hundred thousands digit of 249508731?
5
What is the units digit of 311363217?
7
What is the billions digit of 1763947040?
1
What is the millions digit of 51335922?
1
What is the units digit of 1645694770?
0
What is the units digit of 164768367?
7
What is the ten millions digit of 80619987?
8
What is the ten millions digit of 27150122?
2
What is the ten millions digit of 59331993?
5
What is the tens digit of 1619183549?
4
What is the tens digit of 104201052?
5
What is the thousands digit of 87996224?
6
What is the units digit of 151059176?
6
What is the millions digit of 1157470038?
7
What is the thousands digit of 1155371225?
1
What is the ten millions digit of 483869310?
8
What is the hundred thousands digit of 24699008?
6
What is the hundreds digit of 113210169?
1
What is the hundreds digit of 227009737?
7
What is the hundred millions digit of 1467106507?
4
What is the tens digit of 254191969?
6
What is the thousands digit of 876680700?
0
What is the ten millions digit of 3835679587?
3
What is the units digit of 241865805?
5
What is the ten thousands digit of 158222321?
2
What is the thousands digit of 165721854?
1
What is the thousands digit of 52452889?
2
What is the tens digit of 31343025?
2
What is the hundreds digit of 1111382501?
5
What is the hundreds digit of 2261890878?
8
What is the ten millions digit of 2649293761?
4
What is the tens digit of 174198291?
9
What is the hundreds digit of 132196313?
3
What is the thousands digit of 207815411?
5
What is the hundreds digit of 5685743632?
6
What is the ten thousands digit of 4798437539?
3
What is the tens digit of 550346228?
2
What is the thousands digit of 103352895?
2
What is the thousands digit of 30850021?
0
What is the ten thousands digit of 457206781?
0
What is the ten thousands digit of 167272370?
7
What is the thousands digit of 107078306?
8
What is the millions digit of 29247485?
9
What is the hundred millions digit of 155655753?
1
What is the ten millions digit of 55375202?
5
What is the ten millions digit of 1100444960?
0
What is the hundred thousands digit of 164990535?
9
What is the thousands digit of 22869175?
9
What is the ten thousands digit of 310513428?
1
What is the tens digit of 115827597?
9
What is the tens digit of 32629752?
5
What is the ten millions digit of 99062822?
9
What is the hundred millions digit of 280317832?
2
What is the hundred thousands digit of 19566262?
5
What is the hundred millions digit of 536463236?
5
What is the millions digit of 6339812028?
9
What is the hundreds digit of 1669817755?
7
What is the hundreds digit of 13001159?
1
What is the ten thousands digit of 568001311?
0
What is the ten millions digit of 1330161736?
3
What is the thousands digit of 22409483?
9
What is the hundred thousands digit of 354862868?
8
What is the billions digit of 1430396522?
1
What is the hundred thousands digit of 233929347?
9
What is the ten millions digit of 387192107?
8
What is the units digit of 188637819?
9
What is the hundred thousands digit of 478048662?
0
What is the hundreds digit of 39115610?
6
What is the ten millions digit of 353395146?
5
What is the thousands digit of 926257176?
7
What is the ten millions digit of 62993599?
6
What is the billions digit of 1965718798?
1
What is the thousands digit of 262585336?
5
What is the units digit of 213631744?
4
What is the ten thousands digit of 78897390?
9
What is the units digit of 216872225?
5
What is the millions digit of 100135676?
0
What is the hundreds digit of 555513614?
6
What is the thousands digit of 54885802?
5
What is the hundreds digit of 5888526587?
5
What is the hundred thousands digit of 7987024?
9
What is the millions digit of 738276882?
8
What is the thousands digit of 35148128?
8
What is the millions digit of 19889837?
9
What is the tens digit of 712813222?
2
What is the billions digit of 3572985774?
3
What is the thousands digit of 13873622?
3
What is the millions digit of 66506511?
6
What is the millions digit of 720369130?
0
What is the thousands digit of 489095?
9
What is the units digit of 1056301558?
8
What is the hundred thousands digit of 2597736?
5
What is the ten thousands digit of 1367900331?
0
What is the units digit of 677410293?
3
What is the ten thousands digit of 54892062?
9
What is the ten thousands digit of 1880050732?
5
What is the millions digit of 308585993?
8
What is the thousands digit of 233681613?
1
What is the ten millions digit of 2682131234?
8
What is the thousands digit of 45719330?
9
What is the ten thousands digit of 671665778?
6
What is the thousands digit of 1459171325?
1
What is the hundreds digit of 551530459?
4
What is the tens digit of 382968471?
7
What is the tens digit of 1236112591?
9
What is the hundred thousands digit of 581959049?
9
What is the ten millions digit of 618674976?
1
What is the tens digit of 463406249?
4
What is the millions digit of 2149925506?
9
What is the billions digit of 2697004917?
2
What is the hundred thousands digit of 449040142?
0
What is the ten millions digit of 399506878?
9
What is the tens digit of 3149047643?
4
What is the thousands digit of 150055114?
5
What is the thousands digit of 3154137524?
7
What is the ten millions digit of 2184334600?
8
What is the hundreds digit of 310666894?
8
What is the units digit of 57974448?
8
What is the thousands digit of 240013?
0
What is the hundreds digit of 1116623754?
7
What is the hundred thousands digit of 1919801352?
8
What is the thousands digit of 488149715?
9
What is the hundred millions digit of 552298379?
5
What is the millions digit of 63069499?
3
What is the hundreds digit of 434129636?
6
What is the millions digit of 13808301?
3
What is the tens digit of 71609053?
5
What is the millions digit of 452667539?
2
What is the ten thousands digit of 16895522?
9
What is the ten thousands digit of 11819319?
1
What is the hundred millions digit of 3080893341?
0
What is the thousands digit of 2426168125?
8
What is the hundreds digit of 1949479562?
5
What is the millions digit of 1009817181?
9
What is the hundred millions di